 is divided by l?
13
Let u = 10 - 6. Suppose u*n - 30 = n. What is the remainder when 29 is divided by n?
9
Let j(o) = 18*o - 4. What is the remainder when 149 is divided by j(3)?
49
Calculate the remainder when 27 is divided by 9/(-12) - 31/(-4).
6
Let o = -6 + -2. Suppose 0 = 4*u + 4*h - 32, 2*u = -0*u - 5*h + 22. What is the remainder when 7 is divided by 4/o*(-2 - u)?
3
Suppose 6 = -2*c + 3*c. Suppose r - c = -3*g, -r = -2*r + 3*g + 6. Suppose 38 = 5*p - 3*p + 4*w, 3*p + w - 52 = 0. What is the remainder when p is divided by r?
5
Let m = -1 - -28. Suppose 4*r - 71 = -m. What is the remainder when r is divided by 4?
3
Suppose -3*z + 9 + 15 = 0. Suppose -3*n + 12 = -0*n. Suppose 3*p = n*k - 72, k - 7 = -0*k - 2*p. What is the remainder when k is divided by z?
7
Let c = -12 - -18. Calculate the remainder when 15 is divided by (-58)/(-6) + (-4)/c.
6
Let d(v) = -2*v - 6. What is the remainder when 53 is divided by d(-10)?
11
Calculate the remainder when -8*((-12)/78 + 1201/(-52)) is divided by 47.
45
Let q(u) be the first derivative of -4*u**3/3 + 5*u**2/2 - u + 2. Let h(c) be the first derivative of q(c). Calculate the remainder when h(-6) is divided by 18.
17
Let f be (-16)/1 + (-3 - -1). Let s = f + 25. Let b = 5 + -2. What is the remainder when s is divided by b?
1
Let h(j) = 32*j**2. Let n = -51 - -62. Calculate the remainder when h(-1) is divided by n.
10
Let j(a) = a - 7. Let q be j(4). Let w be q/(-1) - (3 - 4). Let v = w + 28. Calculate the remainder when v is divided by 17.
15
Suppose -2*q + 7*q - 45 = 0. What is the remainder when 15 is divided by q?
6
Suppose 2*j + i = 27, -5*j + 26 = 5*i - 34. What is the remainder when j is divided by 9?
6
Let j(w) = w + 1. Let h(p) = 24*p + 3. Let q(b) = h(b) - 5*j(b). What is the remainder when q(2) is divided by 10?
6
Suppose 4*k = 7*k - 21. What is the remainder when 11 is divided by k?
4
Let b be (10/(-15))/((-2)/12). Suppose -4*u - u + 110 = -3*x, 0 = b*u + 2*x - 88. What is the remainder when 43 is divided by u?
21
Let x = -122 + 301. Suppose -u - 17 = -3*h - 52, -h = 4*u - x. Let s = 24 - 9. Calculate the remainder when u is divided by s.
14
Let i = 3 + -1. Suppose 2*r - 4 = -10. Let v(x) = -2*x - 1. What is the remainder when v(r) is divided by i?
1
Suppose -6*w = -224 - 28. What is the remainder when w is divided by 15?
12
Let n be ((-1)/(-1))/(2/34). Let s = 1 + n. What is the remainder when s is divided by 10?
8
Suppose 4*k - x - 47 - 20 = 0, 5*x + 15 = 0. What is the remainder when k is divided by 5?
1
Calculate the remainder when -4*(54/(-4) + 2) is divided by ((-2)/4)/(12/(-288)).
10
Let x(c) = c**2 - 7*c + 4. Suppose -7 - 9 = -4*o. Suppose 4*t = -3*z + 33, -5*z - 5 = -o*t + 36. Calculate the remainder when t is divided by x(7).
1
Let o(c) = -c**3 + 4*c**2 - c + 4. What is the remainder when o(3) is divided by 6?
4
Let l(o) = -9*o. Let u(x) = x**2 - 3*x - 5. Let h be u(4). What is the remainder when 25 is divided by l(h)?
7
Let y be 5/((-5)/2) + 1. What is the remainder when (-3)/y - (-5 - 1) is divided by 6?
3
Suppose 0 = 4*p - 2 - 30. Suppose -4*u = h - 81, -h + 0*h = -2*u + 45. Calculate the remainder when u is divided by p.
5
Let s(o) be the second derivative of -27*o**5/20 + o**4/12 - o**3/6 - o**2/2 + o. Calculate the remainder when s(-1) is divided by 15.
13
Suppose -3*z + u = -158, 7*z - 10*z - u = -154. What is the remainder when 101 is divided by z?
49
Suppose 0 = -p - 2*k + 32, -p + 3*k + 2*k = -39. Let u = 171 - 72. Calculate the remainder when u is divided by p.
31
Let j(x) = x**2 - 3*x - 2. Let k be (-12)/(-7) + (-2)/(-7). Suppose 27 = m + k*m. Calculate the remainder when j(6) is divided by m.
7
Let p(c) = c**2 - 18*c + 2. What is the remainder when 3 is divided by p(18)?
1
Let k = 78 + -24. Let s = 92 - k. Calculate the remainder when s is divided by 20.
18
Let u = -1 - 0. Let y be u/2 + (-9)/(-2). Suppose -i + 2*i = y*r - 144, -191 = -5*r + 4*i. Calculate the remainder when r is divided by 18.
17
Suppose 4*k = -4*j + 28, 2*k + 56 = -j + 6*j. Suppose 95 = 4*i + i. What is the remainder when i is divided by j?
9
Suppose -6*b + 4*b - 2*f + 74 = 0, -3*b - 4*f + 114 = 0. Suppose 29 = 2*o + 5. Calculate the remainder when b is divided by o.
10
Let h(k) = -k - 1. Let j be h(-1). Suppose i + 3*i - 16 = j. Calculate the remainder when 14 is divided by i.
2
Suppose 4*g + 12 = 4. Calculate the remainder when (10/3)/((-1)/(-12)) is divided by (g/4)/(2/(-56)).
12
Let z be (0 + -2 - -4) + 38. Suppose 0*k - 2*k = -z. What is the remainder when 58 is divided by k?
18
Let o(a) = -1 + 5*a - 2*a + 7. Let n = 38 - 27. What is the remainder when o(5) is divided by n?
10
Let b = 24 - 2. Suppose -2*x - 3*x = -25. Let u = 7 + x. Calculate the remainder when b is divided by u.
10
Suppose 0 = -4*l + 16 + 84. Suppose 2*x = 3*x + y + 3, -5*x - 4*y = 12. Suppose x*v + v = 13. What is the remainder when l is divided by v?
12
Let h be ((-8)/5)/((-4)/10). Suppose 2*z - 8 - h = 0. Calculate the remainder when 8 is divided by z.
2
Let t(h) be the second derivative of h**4/4 - h**3/3 - 5*h**2/2 - h. Suppose -14*l = -4*l - 40. What is the remainder when t(l) is divided by 18?
17
Suppose -k + 4*k - 18 = 0. What is the remainder when k is divided by 3?
0
Let i = -7 + 18. Let k(x) = -x**3 - 15*x**2 - 17*x - 1. Calculate the remainder when k(-14) is divided by i.
8
Suppose -1 = -3*s + 11. Suppose 2*j - 50 = -s*i, 3*i - j - j = 41. What is the remainder when 51 is divided by i?
12
Let t = 30 - 9. Suppose -4*q + 1 = -3*h - t, 4*h = -8. Suppose 5*j - 14 - 51 = 0. Calculate the remainder when j is divided by q.
1
Let f = -10 - -16. Let q = -11 + 1. Let w = 6 - q. Calculate the remainder when w is divided by f.
4
Calculate the remainder when 9 is divided by ((-1)/(-3))/((-2)/(-30)).
4
Suppose -5*y = -12*y + 399. Calculate the remainder when y is divided by 23.
11
Suppose 2*d + 66 = 8*d. Calculate the remainder when 30 is divided by d.
8
Let o(k) = -k**2 + 19*k + 8. Calculate the remainder when 473 is divided by o(15).
65
Suppose q - 3*u - 6 - 7 = 0, 4*q + 4*u = 68. Suppose 3*d = -d + q. Suppose -2 = r + r - 4*c, -5*r - c = -39. Calculate the remainder when r is divided by d.
3
Suppose -3*x = -7*x + b + 24, 10 = -2*x - 5*b. Let s(f) = 5*f**2 + f. Let o be s(-2). Calculate the remainder when (o/8)/(2/8) is divided by x.
4
Suppose y - 3*r - 22 = 46, 4*y - 279 = 5*r. What is the remainder when 351 is divided by y?
67
Suppose 6*q = 2*q + 1340. Suppose q = 3*v + 2*v. What is the remainder when v is divided by 17?
16
Suppose 0*g + 277 = 5*g + 3*l, l = g - 49. Let v = -1 - -1. Suppose -3*w - 57 = -4*n - v*w, -2*w + 46 = 2*n. Calculate the remainder when g is divided by n.
17
What is the remainder when 27 is divided by (15/6)/5*30?
12
Let h(c) = -5*c. Calculate the remainder when 19 is divided by h(-2).
9
Suppose -1 = 3*g - 7. Suppose -13 = -g*i + i. What is the remainder when 38 is divided by i?
12
Suppose v - 33 = -3*z, -v - 4*z - z + 35 = 0. What is the remainder when 86 is divided by v?
26
Suppose 4*d - 4*y = 32, -5*d + 0*d = y - 40. What is the remainder when 51 is divided by d?
3
Suppose 5*o + 0*o = -30. Calculate the remainder when o/(-9) + (-50)/(-6) is divided by 6.
3
Let h = -180 - -182. Let n(m) = 2*m - 5. Let w(i) = i - 2. Let j(a) = -2*n(a) + 5*w(a). Calculate the remainder when j(5) is divided by h.
1
Let o(u) = -u**3 - 6*u**2 + 11*u - 7. Calculate the remainder when o(-8) is divided by 10.
3
Suppose -3*t = t. Suppose t = -4*p + 5 + 7. Suppose 2*q = -3*w + 55, -p = 2*w - 1. Calculate the remainder when q is divided by 10.
9
Suppose 3*q + 5 = 29. Suppose u + 0 = q. What is the remainder when 30 is divided by u?
6
Let v(z) be the second derivative of -z**4/12 + 7*z**3/3 - z**2 - z. Let g(t) = -4*t - 27. Let k be g(-9). Calculate the remainder when v(k) is divided by 15.
13
Let i(j) = j**3 - 4*j - 2. Let p be i(4). Suppose p = 6*a - 98. What is the remainder when a is divided by 14?
10
Suppose -2*w = -2*s + 238, -3*s = 2*w - 6*w - 360. Suppose 0 = -4*z + s - 8. What is the remainder when 46 is divided by ((-8)/3)/((-6)/z)?
10
Suppose 9*d - 4*d = 90. Let i be (-73)/3 - (-3)/9. Let b = -14 - i. Calculate the remainder when d is divided by b.
8
Let u be (-1*3)/(-3) - 0. Let g = -1 + u. Suppose -3*a + 6 = -